5?
False
Is 170814 a multiple of 166?
True
Does 105 divide 706440?
True
Is 3277530 a multiple of 366?
True
Is 1055551 a multiple of 101?
True
Is 78 a factor of 5597593?
False
Is 55481 a multiple of 109?
True
Is 23280 a multiple of 15?
True
Does 1221 divide 4782657?
True
Does 437 divide 590634?
False
Does 311 divide 3891822?
False
Is 2657969 a multiple of 1074?
False
Does 3 divide 70191?
True
Is 25 a factor of 930955?
False
Does 15 divide 1471579?
False
Is 3 a factor of 90101?
False
Does 125 divide 144500?
True
Does 232 divide 4883609?
False
Is 457848 a multiple of 4?
True
Is 89 a factor of 8040438?
True
Is 484 a factor of 517534?
False
Does 8 divide 365544?
True
Is 69068 a multiple of 5?
False
Does 13 divide 1611974?
True
Is 32487 a multiple of 119?
True
Does 35 divide 147693?
False
Is 725126 a multiple of 48?
False
Is 637470 a multiple of 15?
True
Is 6 a factor of 468888?
True
Is 1442448 a multiple of 243?
True
Does 21 divide 4067212?
False
Is 14 a factor of 5235051?
False
Does 89 divide 325993?
False
Is 139 a factor of 50318?
True
Is 6857496 a multiple of 1886?
True
Does 74 divide 2114624?
True
Does 74 divide 158249?
False
Is 136117 a multiple of 12?
False
Is 252 a factor of 4680396?
True
Is 1669728 a multiple of 18?
False
Is 315025 a multiple of 81?
False
Is 168 a factor of 125832?
True
Does 14 divide 175546?
True
Does 135 divide 210060?
True
Does 39 divide 94380?
True
Does 246 divide 2241205?
False
Is 2330496 a multiple of 68?
True
Is 192 a factor of 2958144?
True
Does 77 divide 17710?
True
Does 2 divide 1467?
False
Is 5338060 a multiple of 838?
True
Does 2 divide 1819765?
False
Is 1061420 a multiple of 43?
False
Is 162608 a multiple of 55?
False
Is 3232190 a multiple of 65?
True
Does 241 divide 151585?
False
Is 8 a factor of 1618165?
False
Does 29 divide 59421?
True
Is 1437840 a multiple of 30?
True
Is 931040 a multiple of 115?
True
Is 2404523 a multiple of 118?
False
Is 302089 a multiple of 9?
False
Is 822392 a multiple of 104?
False
Does 13 divide 3335332?
True
Is 982895 a multiple of 10?
False
Is 7937846 a multiple of 287?
True
Does 3 divide 196726?
False
Does 16 divide 54989?
False
Does 15 divide 829809?
False
Is 6 a factor of 357776?
False
Is 15 a factor of 334155?
True
Does 230 divide 952660?
True
Is 10 a factor of 1897211?
False
Is 6504560 a multiple of 87?
False
Is 3643500 a multiple of 75?
True
Does 56 divide 9388723?
False
Is 464346 a multiple of 37?
False
Does 3 divide 24583?
False
Does 134 divide 6568350?
False
Is 1143522 a multiple of 7?
False
Does 34 divide 3260340?
False
Is 17141 a multiple of 61?
True
Is 716881 a multiple of 84?
False
Is 35 a factor of 170240?
True
Is 733339 a multiple of 4?
False
Is 6641759 a multiple of 73?
True
Is 828036 a multiple of 198?
True
Is 2059941 a multiple of 17?
True
Is 169 a factor of 399544?
False
Does 43 divide 931281?
False
Is 12 a factor of 4034088?
True
Is 226389 a multiple of 20?
False
Is 27117 a multiple of 131?
True
Is 29 a factor of 3626247?
True
Is 142 a factor of 573538?
True
Does 41 divide 14093846?
False
Is 330562 a multiple of 755?
False
Is 1647001 a multiple of 393?
False
Does 59 divide 20827?
True
Is 771 a factor of 10281562?
False
Is 799 a factor of 5814323?
True
Is 549288 a multiple of 12?
True
Is 192 a factor of 202619?
False
Is 5855428 a multiple of 185?
False
Is 3284209 a multiple of 15?
False
Is 518625 a multiple of 3?
True
Is 11 a factor of 52445?
False
Does 12 divide 27924?
True
Is 568 a factor of 4792269?
False
Is 5866275 a multiple of 249?
False
Does 14 divide 280490?
True
Is 5647252 a multiple of 22?
False
Is 291 a factor of 249497?
False
Is 548952 a multiple of 52?
False
Does 255 divide 1096980?
False
Is 22334552 a multiple of 11?
False
Is 9 a factor of 358704?
True
Is 667491 a multiple of 339?
True
Does 140 divide 3728200?
True
Is 2507742 a multiple of 9?
True
Does 181 divide 757666?
True
Is 27582 a multiple of 43?
False
Is 172868 a multiple of 92?
True
Is 221362 a multiple of 25?
False
Is 14 a factor of 20706?
True
Does 11 divide 2436018?
False
Is 123354 a multiple of 4?
False
Does 173 divide 5760554?
True
Is 224 a factor of 247027?
False
Does 542 divide 1366379?
False
Is 114470 a multiple of 108?
False
Is 64 a factor of 418799?
False
Does 10 divide 7400378?
False
Is 454438 a multiple of 247?
False
Does 8 divide 196888?
True
Is 2631839 a multiple of 49?
True
Does 5 divide 308830?
True
Does 148 divide 1789024?
True
Does 13 divide 499239?
True
Is 1767 a factor of 3733671?
True
Is 462993 a multiple of 70?
False
Is 21 a factor of 7096546?
False
Does 147 divide 339029?
False
Does 41 divide 6337124?
True
Does 1057 divide 12550835?
False
Is 60 a factor of 218100?
True
Does 221 divide 696643?
False
Is 517 a factor of 13537799?
False
Does 644 divide 768292?
True
Is 1960333 a multiple of 41?
True
Is 17 a factor of 143911?
False
Is 13 a factor of 96785?
True
Is 134 a factor of 19394222?
True
Is 10 a factor of 6024087?
False
Is 3 a factor of 3806?
False
Is 572773 a multiple of 12?
False
Does 2 divide 28830?
True
Is 21 a factor of 2633984?
False
Is 1502105 a multiple of 155?
True
Is 2109380 a multiple of 455?
True
Is 94 a factor of 145794?
True
Is 1921338 a multiple of 6?
True
Is 18 a factor of 189458?
False
Does 28 divide 251524?
True
Is 108 a factor of 11415?
False
Is 24 a factor of 1973719?
False
Is 236 a factor of 1342132?
True
Is 4466164 a multiple of 647?
False
Is 4913612 a multiple of 748?
True
Is 19 a factor of 7459?
False
Is 752802 a multiple of 111?
True
Is 813 a factor of 869910?
True
Is 11352 a multiple of 44?
True
Is 13 a factor of 1415869?
True
Is 3366352 a multiple of 16?
True
Is 5481 a multiple of 21?
True
Does 19 divide 449293?
True
Is 2285472 a multiple of 112?
True
Is 250015 a multiple of 14?
False
Is 3897876 a multiple of 74?
True
Is 930482 a multiple of 218?
False
Does 13 divide 7344155?
True
Does 318 divide 8934255?
False
Does 24 divide 546240?
True
Is 995 a factor of 218685?
False
Is 107879 a multiple of 28?
False
Is 8960 a multiple of 2?
True
Is 1222651 a multiple of 312?
False
Is 83 a factor of 381731?
False
Does 17 divide 47260?
True
Does 149 divide 2130849?
True
Does 34 divide 1273395?
False
Does 217 divide 427273?
True
Is 3393552 a multiple of 38?
True
Is 1465801 a multiple of 209?
False
Does 137 divide 157550?
True
Is 505287 a multiple of 51?
False
Is 136024 a multiple of 7?
True
Is 1889852 a multiple of 102?
False
Does 193 divide 765438?
True
Is 114901 a multiple of 68?
False
Does 40 divide 1001160?
True
Is 17 a factor of 1794588?
True
Is 2840158 a multiple of 7?
False
Does 74 divide 6734?
True
Does 112 divide 10701682?
False
Does 160 divide 1090402?
False
Is 208386 a multiple of 18?
True
Is 76 a factor of 75924?
True
Is 14178069 a multiple of 48?
False
Is 706740 a multiple of 8?
False
Does 315 divide 16979678?
False
Is 170 a factor of 659430?
True
Is 40 a factor of 3889623?
False
Does 50 divide 344670?
False
Is 143 a factor of 375095?
False
Is 558 a factor of 268185?
False
Is 694 a factor of 462898?
True
Is 55 a factor of 42881?
False
Is 181269 a multiple of 9?
True
Is 3 a factor of 8766?
True
Is 74201 a multiple of 302?
False
Is 67 a factor of 8507526?
True
Is 179 a factor of 1318693?
True
Is 10 a factor of 24440?
True
Is 502393 a multiple of 35?
False
Is 45 a factor of 3506895?
True
Is 144 a factor of 400515?
False
Is 521 a factor of 567369?
True
Does 67 divide 494527?
True
Does 80 divide 5077559?
False
Is 1398065 a multiple of 24?
False
Is 14152 a multiple of 116?
True
Is 5626664 a multiple of 21?
False
Is 2116707 a multiple of 41?
True
Is 1073576 a multiple of 69?
False
Does 239 divide 1643364?
True
Is 790415 a multiple of 654?
False
Does 56 divide 123312?
True
Is 249 a factor of 3146613?
True
Is 3676148 a multiple of 72?
False
Does 386 divide 89938?
True
Is 19 a factor of 152154?
False
Is 340 a factor of 4704437?
False
Does 100 divide 403800?
True
Is 2 a factor of 235881?
False
Is 237 a factor of 479322?
False
Does 32 divide 3688053?
False
Does 2 divide 23662?
True
Is 11 a factor of 323192?
False
Is 9117240 a multiple of 110?
True
Does 46 divide 352360?
True
Does 24 divide 1104324?
False
Is 9 a factor of 141111?
True
Is 72982 a multiple of 13?
True
Is 3551164 a multiple of 18?
False
Does 5 divide 221350?
True
Does 78 divide 297726?
Tr